22
In base 9, what is -2 - 12?
-14
In base 5, what is 2233 + 4?
2242
In base 13, what is 9c + 5?
a4
In base 16, what is -29e - -1?
-29d
In base 16, what is -40 - 36?
-76
In base 5, what is -2 + 12411?
12404
In base 5, what is -314 + -10?
-324
In base 6, what is 0 + -232?
-232
In base 12, what is 2 + -51?
-4b
In base 11, what is 79 + 2?
80
In base 5, what is 1014 + 1?
1020
In base 6, what is 21 + -14?
3
In base 11, what is -1 + -99?
-9a
In base 10, what is -17 - -29?
12
In base 10, what is 0 + 27?
27
In base 7, what is -53231 - -5?
-53223
In base 2, what is -100 + -10000111?
-10001011
In base 5, what is 4042 + 10?
4102
In base 10, what is 5 - -40?
45
In base 3, what is -112 - -201?
12
In base 16, what is 900 + -2?
8fe
In base 16, what is -6 + -12d?
-133
In base 4, what is 1132300 + 11?
1132311
In base 13, what is -3 - -290?
28a
In base 4, what is -1 + -2022?
-2023
In base 14, what is 10 + -11?
-1
In base 5, what is -11 - 33?
-44
In base 7, what is 2 - -42?
44
In base 15, what is 639 + 1?
63a
In base 14, what is -10 + -5?
-15
In base 5, what is 4121 - 32?
4034
In base 8, what is 30 + -3?
25
In base 8, what is -457 + 3?
-454
In base 12, what is -70 - 3?
-73
In base 9, what is 20 + 66?
86
In base 14, what is 13 + a?
1d
In base 5, what is -1112 - 10?
-1122
In base 15, what is 6395 + 4?
6399
In base 11, what is 3 + 76?
79
In base 9, what is 23 - -204?
227
In base 8, what is -23316 - -3?
-23313
In base 10, what is -3 - -328?
325
In base 10, what is 3 + 3981?
3984
In base 8, what is 0 - -4203?
4203
In base 3, what is 11222222 + -1?
11222221
In base 8, what is -15 - 22?
-37
In base 13, what is -878a + -2?
-878c
In base 11, what is -3 + 337?
334
In base 16, what is 0 + 4c?
4c
In base 16, what is -1 - c01?
-c02
In base 14, what is -3 + 575?
572
In base 2, what is 10 + -101110100?
-101110010
In base 11, what is -3 - -1110?
1108
In base 16, what is 335 + -c?
329
In base 6, what is -2 - -4330?
4324
In base 2, what is -1100100 + 1?
-1100011
In base 8, what is -4 + 36?
32
In base 8, what is 10756 + 3?
10761
In base 5, what is 2 + -13303?
-13301
In base 6, what is 3 + -5321?
-5314
In base 14, what is 3 - 1?
2
In base 12, what is -6 - -8a?
84
In base 10, what is -12 + -420?
-432
In base 6, what is -142 + -4?
-150
In base 6, what is 15 + 142?
201
In base 4, what is 302 - -2?
310
In base 13, what is -1 + 234?
233
In base 4, what is 13 - 10122?
-10103
In base 8, what is -11467 - -3?
-11464
In base 13, what is 0 + 1b0?
1b0
In base 10, what is -417 + -1?
-418
In base 12, what is -5 - 152b?
-1534
In base 6, what is 3 + 104?
111
In base 7, what is 1562 - 1?
1561
In base 10, what is -1 + 77?
76
In base 3, what is -10 - 1000211?
-1000221
In base 10, what is 0 - -59?
59
In base 15, what is 0 + 39?
39
In base 6, what is -140 + 301?
121
In base 14, what is -10 - -170?
160
In base 9, what is 1 - -52?
53
In base 4, what is 10 - -223303?
223313
In base 15, what is 4301 - -2?
4303
In base 5, what is 4 + 1304?
1313
In base 13, what is 8c9 - -7?
903
In base 13, what is -23 + 5?
-1b
In base 14, what is 4 + -d9?
-d5
In base 8, what is -3 + -3230?
-3233
In base 16, what is 0 + 31?
31
In base 14, what is 3 + -ad?
-aa
In base 5, what is -1314 - 0?
-1314
In base 8, what is -200 - -1?
-177
In base 4, what is -10 + 103?
33
In base 2, what is 10001 - -10001100111?
10001111000
In base 4, what is 2 + -11300?
-11232
In base 4, what is -31 + -11?
-102
In base 4, what is 11120201 + 11?
11120212
In base 10, what is 11 + 14?
25
In base 3, what is -1122 + -22?
-1221
In base 6, what is -40 + -232?
-312
In base 15, what is 18 - 25?
-c
In base 9, what is 31 - 20?
11
In base 15, what is -e8 + 9?
-de
In base 14, what is -158 - 5?
-15d
In base 4, what is -1 - 31?
-32
In base 6, what is -550 - 25?
-1015
In base 5, what is 121 - 311?
-140
In base 7, what is -21 + -16?
-40
In base 16, what is 3c5 - -1?
3c6
In base 9, what is -13 - 28?
-42
In base 12, what is -193 + 2?
-191
In base 7, what is 44 + -23?
21
In base 11, what is -1 + -5?
-6
In base 10, what is 6 - 10?
-4
In base 14, what is 7 - 262?
-259
In base 5, what is 4 - 300?
-241
In base 15, what is 12 + 0?
12
In base 3, what is -221022 + 10?
-221012
In base 12, what is -1052 + 2?
-1050
In base 16, what is 1 + -7?
-6
In base 16, what is 38 + -3?
35
In base 10, what is -4 - -1087?
1083
In base 7, what is 2 + -1?
1
In base 11, what is 0 + 198?
198
In base 2, what is 1000001111 + 1?
1000010000
In base 12, what is 5 - 57a?
-575
In base 10, what is -12 - -12?
0
In base 3, what is 112011 - -12?
112100
In base 10, what is 2 - 313?
-311
In base 7, what is 21 + 4?
25
In base 4, what is -31 - 13?
-110
In base 12, what is -3 + 364?
361
In base 7, what is -1 - 340?
-341
In base 16, what is 84 - -4?
88
In base 13, what is -7 - 49c?
-4a6
In base 8, what is 10 - 253?
-243
In base 11, what is -6 - -187?
181
In base 4, what is 10 + -211232?
-211222
In base 10, what is -1427 - -11?
-1416
In base 9, what is -775 + 18?
-756
In base 3, what is -2 + 10011102?
10011100
In base 7, what is 553 - 11?
542
In base 2, what is -11110100 - -100?
-11110000
In base 15, what is 5 - -2a2?
2a7
In base 9, what is -2 - -16?
14
In base 11, what is -28a + 3?
-287
In base 14, what is -4 + 20?
1a
In base 5, what is 10 - 1040?
-1030
In base 9, what is 8 - -1662?
1671
In base 6, what is -44 + 30?
-14
In base 3, what is -11101 - -2211?
-1120
In base 12, what is -1 + -371?
-372
In base 7, what is 1306 + 2?
1311
In base 13, what is 75 - -6?
7b
In base 16, what is 14e - 16?
138
In base 10, what is 654 + -1?
653
In base 12, what is -700 - -4?
-6b8
In base 11, what is 19 - -a?
28
In base 15, what is -5 + -52b?
-531
In base 5, what is 2 - -221?
223
In base 6, what is 1214 + 3?
1221
In base 9, what is -216 - -2?
-214
In base 11, what is 34 + 3?
37
In base 2, what is -11100 - 11?
-11111
In base 6, what is -2 - 25242?
-25244
In base 11, what is 20 + -4?
17
In base 4, what is 1022003 - -11?
1022020
In base 9, what is 2526 + 4?
2531
In base 6, what is -10 - -21150?
21140
In base 6, what is 245 - 4?
241
In base 2, what is -10011111100 - -10?
-10011111010
In base 13, what is -233 - -3?
-230
In base 6, what is 0 + -40?
-40
In base 14, what is -3 - -623?
620
In base 14, what is -4 + -1ba?
-1c0
In base 14, what is -39 + 54?
19
In base 14, what is -1 - -5a?
59
In base 8, what is 214 + -3?
211
In base 8, what is 13 - 110?
-75
In base 3, what is -211212212 + -12?
-211220001
In base 14, what is 2 + 1?
3
In base 6, what is 0 - 11055?
-11055
In base 12, what is -149 - -2?
-147
In base 7, what is 5 + -536?
-531
In base 4, what is 110 - -23?
133
In base 6, what is 14 + -151?
-133
In base 2, what is -101 - 101110010000?
-101110010101
In base 8, what is -4 - 12?
-16
In base 5, what is -410 + 0?
-410
In base 12, what is 1 + 71?
72
In base 11, what is -1942 + -1?
-1943
In base 13, what is -4 - 9bb?
-9c2
In base 8, what is -120366 + 2?
-120364
In base 4, what is 2003 + 3?
2012
In base 7, what is -66 + 30?
-36
In base 13, what is 38 + b?
46
In base 7, what is 1223 - 42?
1151
In base 12, what is 2 + 131?
133
In base 6, what is 124 - 4?
120
In base 8, what is 2 - 67?
-65
In base 16, what is -31c + -5?
-321
In base 11, what is 124 - 5?
11a
In base 10, what is 1 + 104?
105
In base 16, what is 3 + 180?
183
In base 5, what is -1 - 10?
-11
In base 16, what is -60 + -4?
-64
In base 3, what is 122 + 2?
201
In base 6, what is 5 + -1033?
-1024
In base 6, what is 222 - 52?
130
In base 14, what is 1861 - -2?
1863
In base 16, what is -1 + 1dbe?
1dbd
In base 7, what is -3 - 3404?
-3410
In base 13, what is -23 - 54?
-77
In base 14, what is -8 + -72?
-7a
In base 16, what is -f5 + 0?
-f5
In base 2, what is 100111011 - 11?
100111000
In base 9, what is 321 + -3?
317
In base 12, what is 527 - -4?
52b
In base 5, what is -10120 - -1?
-10114
In base 10, what is -40 - 9?
-49
In base 16, what is -5 + -1d?
-22
In base 11, what is 117 - -3?
11a
In base 2, what is -111 + 10?
-101
In base 10, what is -5 - 15?
-20
In base 14, what is 59d + -3?
59a
In base 9, what is 8146 + 3?
8150
In base 2, what is -11 - -1001101010?
1001100111
In base 12, what is 5 - -4b?
54
In base 14, what is -c6 + 38?
-8c
In base 5, what is 11 + -24102?
-24041
In base 15, what is 5 - -eb?
101
In base 4, what is 12 - 11030?
-11012
In base 9, what is -1263 + 4?
-1258
In base 12, wh